+ 17)) + -1?
-7
(20 - -21 - 53) + (47 - -2)
37
Evaluate -3 + 28 + -28 + 1 + -7 + -3 + 5.
-7
Evaluate 16 + -13 + 21 - -16.
40
What is (-32122 - -32260) + (0 - 112)?
26
Calculate (-80 + 35 + -3 - 47) + (-2 - 0).
-97
What is the value of -10 + -26 + -10 + (7 - -5)?
-34
Calculate 26 - (13 - (51 - 27) - -70).
-33
(-2 + 16 - 4 - 8) + (2 - 1) + 48
51
Evaluate 23 - 36 - (5 + (3 - 0) - (-89 + -3)).
-113
Evaluate (-93 - -182 - 115) + (22 - 2).
-6
Evaluate -79 + 34 + 0 + 1 + 3 - (8 + 1).
-50
Evaluate -5 - (-1 + 31 - (-35 + 0 + 35)).
-35
What is (129 - 39) + (-75 - -25)?
40
Calculate 18 + -1 + (494 - 498) - -16.
29
-7 - (4 - -87 - (-11 - (6 + -25)))
-90
What is the value of -18 - (4 + -34 + (332 - 331))?
11
-4225 - -4234 - (65 + 0)
-56
Calculate 58 - (-103 + 156) - (0 + 13).
-8
Evaluate -15 + (5 - (-5 - (-4 + -11))) - -40.
20
Calculate -75 - 1 - (2172 - 2332).
84
Calculate -10 - 110 - (-6 + (-36 - -12)).
-90
Calculate -74 + -2 + 69 + 42.
35
Calculate (63 + (-2 - 1) - -10) + 2 + -13 + 11.
70
(92 - 14 - 78) + 67
67
-23 + 91 + (-36 - 10)
22
Evaluate 49 + (-1 - (13 + (5 - 9) - -1)).
38
Evaluate -1 + 1 - (71 + -145 + 58).
16
What is the value of -1 + -31 - (-57 + (37 - 7) + 27)?
-32
Calculate (0 - -13) + 9 - (31 - 36).
27
What is the value of (-79 - (-32 + -3)) + 2 + -2?
-44
What is (5 - 15) + (-13 + -9 - -11) + -2?
-23
(-10 + -11 - -28) + (-5 + 3 - 19)
-14
What is the value of 13 + -1 - (140 - 273 - -110)?
35
What is (-357 - -415) + 3 + -114?
-53
Calculate -10 + ((-10 - -10) + 0 - 72 - -1) + 12.
-69
What is the value of (-41 - (4 - 48)) + (1 - 10) + (-31 - -2)?
-35
Evaluate 18 - (4 + -2 + (-74 - -73)).
17
What is -41 + (60 - 59) + -14?
-54
Evaluate (3 - (-3 + 5) - 3) + 25.
23
Calculate 0 + -5 + (-15 - -18) + -42 + 1.
-43
Calculate 1 + -111 + (1011 - 902).
-1
(-50 - 2 - (-122 + 138)) + 4
-64
Calculate (22 - ((5 - -21) + -19)) + -33.
-18
What is (-83 - (-64 - 267)) + -110?
138
Evaluate -62 - (-12 + (-11 - ((3 - 0) + -9))).
-45
Calculate (-160 - -29) + (206 - 109).
-34
What is (-4 - (2 + 22)) + (-3 - 17) + 20?
-28
Calculate 7 + (1 - 8) + -8 - (7 + -3 + -1).
-11
Calculate (2 - 8) + (-76 - -90) + (-33 - -3) + -6.
-28
What is the value of 11 - (-31 - -19 - 2 - 46)?
71
Evaluate 8 + 40 - (-11 + 19 - 17 - -14).
43
What is -47 - -49 - -50 - 43?
9
Evaluate 92 + -49 + (35 - 126).
-48
Evaluate 57 + (-33 - -106) + -114.
16
What is the value of -68 - (1 + 0) - (54 - (43 + 1))?
-79
What is the value of 40 + -90 + -38 + 1?
-87
What is the value of 90 + -4 + -77 + 39 + -22?
26
Evaluate -15 - 6 - (-9 + -1) - -11.
0
Evaluate 1 + (1 - -1 - 4) + (13349 - 13344).
4
Evaluate -6 + -3 + 5 + -80 + 3 + (-20 - -7).
-94
What is -3 - -1 - 34 - (-273 + 252)?
-15
What is (-7 - -2 - -4) + -81 + 34?
-48
Evaluate 28 - ((-8 - 8) + (-35 - -30)).
49
Evaluate -2 + -1 - (-1 + 53) - (25 - 44).
-36
Calculate -11448 + 11439 + 19 + 0 + 1 + -3.
8
(31 - -4) + -6 + 18
47
Evaluate 17 - (4 + (-14 + 36 - -8)).
-17
What is 43 + 1 - (-8 - -35)?
17
-14 - 1 - (121 - 143)
7
What is 19 + (1 - 8) + (-11 + 28 - 35)?
-6
What is -3156 + 3236 + (-132 - -1)?
-51
What is the value of -73 - -58 - ((-15 - -14) + (-6 - -1))?
-9
What is -72 - ((-112 - -77) + 48 - ((1 - -1) + 7))?
-76
87 - (150 + 117 + -91)
-89
Calculate 13 + -1 + -10 + (377 - 358) + 67.
88
Evaluate 1 + -39 + (-194 - -274).
42
-139 + (19 + 0 - (-118 + 55 - -65))
-122
What is the value of 7 - (-17 - (12 + -3 + -5) - (-51 - -47))?
24
Evaluate 95 - (-96 - -98) - 71.
22
What is -15 + (-1 - -65) + -46?
3
Calculate 29 + -2 + (5130 - 5151).
6
Evaluate -1 + (29 - 20) - (39 - 5).
-26
What is (211 - (477 + -137)) + (1 + -1 + 1 - 2)?
-130
9 - 13 - ((-13 - (56 + -18)) + 7)
40
Evaluate 6 + -1 + (-5 - -7) + 1 - (58 - -17).
-67
What is the value of 27 - (109 + 88 + -87)?
-83
119 - 1 - (14629 - 14539)
28
What is the value of -2 + -13 - (37 - (3 - (-142 + 21)))?
72
What is the value of (-87 + 2 - -104) + (-2 - -30)?
47
2 + 13 - (-82 + 61 - (23 + 2))
61
Calculate -1 + -40 + 32 + (0 - -11).
2
What is the value of 18 + -34 + (-4 - (-16 + 11))?
-15
Evaluate (23 - (4 + 48)) + 34.
5
Evaluate -100 - -78 - (11 + -49).
16
Calculate (150 - (189 + -72)) + 0 + 58.
91
What is (-37 - -56 - 9) + (-51 + 0 - -3)?
-38
Evaluate -514 + 516 - (0 + -2).
4
What is the value of 17 - (-3 + 9 + 13 + -23)?
21
What is the value of 23 - (-13 - (7 - 13))?
30
Evaluate (-2 - 107) + (-85 - -292).
98
Calculate 328 + -346 - (8 - 9 - (1 + -1)).
-17
What is 5404 + -5455 - (-1 - 89)?
39
Evaluate -4 + 0 - (59 - (-60 + 67 + (4 - 16))).
-68
1 + 14 + 0 - (-2659 - -2660)
14
106 - (19 + 71) - (-66 - (-3 + 1))
80
(-7 - -8) + 2 + (37 - -14) + 7 - 8
53
What is 11 - (35 + -80 + 37)?
19
What is (683 - 683) + 4 + 16?
20
What is the value of 83 + 92 + -112 + -27?
36
Calculate 7 + -14 + -3 + -2 - 0 - 1.
-13
Evaluate (6 + -1 + -9 - (28 - 108)) + (1 - 2).
75
-24 - (-21 + -1 + (-429 - -420))
7
Calculate -69 + 21 + (-1493 + 1485 - (0 - -2 - 1)).
-57
What is 127 + 147 + -266 - (-2 - -1 - 0)?
9
What is the value of 23 + -1 + (-7 - ((0 - -10) + -18) - 6)?
17
What is (561 - 551 - (3 - (3 - 2))) + 6?
14
(1 - 19) + (8 + 2 - (26 - 3)) - -11
-20
Calculate -14 + 20 + 16 + -21 + -30 + (5 - 3).
-27
Calculate 3 - 3 - ((-30 - -48) + (-6 - 2)).
-10
What is -5 + 23 + (20 - 56) + 3?
-15
What is -17 - (-28 + 2 + 38)?
-29
Calculate -2 - (-33 + 39 - (-22 - -17)).
-13
388 - 321 - (13 + -1) - 8
47
-14 + (-12 - (21 + -33 + -11))
-3
Evaluate (-5 - -2) + ((5 - 13) + -7 + 25 - 9).
-2
-23 - 1 - (-215 + -245 + 431)
5
Calculate (-23 + -3 - -36) + -46 + -68.
-104
Evaluate -40 + -6 + 1 + 13 + (-102 - -86).
-48
-71 - 11 - -44 - 41 - -10
-69
Evaluate 3 + (110 - (-87 - -110)).
90
(18 - 38 - -90) + (-16 - -7)
61
Evaluate -41 + 49 + -22 + 16 + (137 - 0).
139
52 + (12 - 113 - -8)
-41
What is 181 + -202 + -3 + -5 + 4?
-25
What is (-106 - -36 - (-14 - -14)) + 16 + -6?
-60
What is the value of (72 - (9 + 21)) + -2 + 14?
54
Evaluate -4 + -26 + (-37 + 234 - 83).
84
-65 + (-10 - 13 - -7)
-81
3 - (0 + -31 + 22 + -6)
18
1 + 0 + 3 + -630 + 160 + 521
55
-38 - 1 - (23 - (20 - -2 - 10))
-50
(-46 - (68 - 101)) + -105 + (-1 + 2 - 1)
-118
Calculate 87 - (-63 + 64) - (18 - 3).
71
Calculate -23 + (8 - (-7 + 23 + 3)).
-34
Calculate -78 + 5 + 104 + -10.
21
What is (-16 + 23 - 16) + 26 - 3?
14
Calculate 1 + 13 + (7 - -3) + -32 + 28.
20
(7 - (4 - 4)) + (14 - 32 - -42 - 114)
-83
What is the value of -113 - -179 - ((-2 - -12) + (2 - 5))?
59
Calculate -33 + -61 - (-52 - 0).
-42
Evaluate -1 - -1 - (2 + (9 - (-11 - -20 - 6))).
-8
(-45 - 7 - -30 - (5 - 9)) + 18
0
Calculate (-409 - -386) + (-5 - -13 - -66).
51
What is (24 + -35 - (2 + -11)) + (4 - 6) + -5?
-9
Calculate -21 - (10 + -9 + 21 - 32).
-11
Evaluate 68 + -35 - 93 - -14.
-46
10 - 8 - (-16 - (3 + -17)) - -24
28
What is the value of -24 + 31 + -2 + -3 + 2 + 3 + 18?
25
What is -4 - 12 - ((18 - (32 - -2)) + -113)?
113
14 + -1 + -2 + 14 + (-55 - -29)
-1
Evaluate 42 + -18 + (-6 - 3 - (1 - 2) - 0).
16
What is the value of -31 + (53 - 60) + 54?
16
What is 0 + -16 - (684 + -697) - (-2 - -70)?
-71
(41 - 30) + (-123 - -160)
48
What is the value of 10 + -5 + (-19 + 14 - ((-10 - -11) + -13))?
12
Evaluate 0 + -4 + 76 - ((26 - 18) + 5 - 15).
74
(-2 - 24) + -856 + 857
-25
What is the value of (-58 - (-76 + 16)) + -2 + 28?
28
What is (17 + -15 - (24 + -11)) + 17?
6
What is the value of (-1816 - -1906) + (-2 + 7 - -4)?
99
Evaluate -8 + -136 + 121 - -98.
75
What is 14 + -25 - (0 + 11) - (-1 + 8)?
-29
What is the value of -59 + 91 + 39 + -21?
50
-11 + (-11 - (-14 - 2)) - (-8 + 8 - -47)
-53
What is the value of -2 - ((1 - 18) + (-176 - -190))?
1
What is 4 + (4 - 13 - (2 - 3))?
-4
17 + 1 - (31 - (25 - (-22 + (-23 - -55))))
2
Calculate -72 - (5 - (28 + 34)).
-15
Calculate 154 + (-27 - -33) + -106.
54
Calculate 75 + -104 + 34 + 1 + 2 + -2 + -85.
-79
What is (-96 - -37) + 115 - 67?
-11
What is 0 + (0 + 5 + -16 - 3) - (55 + -3)?
-66
Evaluate (0 - (-6 + -1 - (26 - (23 + 2)))) + -44.
-36
What is -33 - ((-101 - 3) + 133)?
-62
What is the value of 91 + (151 - 76 - 159)?
7
Evaluate -2 + 5 + -3 + 6 + -28 + 6 + 25.
9
What is (-53 - -62) + (34 - (11 + -4))?
36
-71 + 10 - (13 + -26) - (-12 - 9 - -18)
-45
Calculate 42 - (185 + 15 - 41 - 37).
-80
Evaluate (3 - 9) + -6 + (4 - (-77 + 14)).
55
Evaluate -58 + (28 - 2) - -63.
31
Evaluate 39 + -23 - ((78 - -3) + (-8 - 2)).
